of 48 and 705.
3
Calculate the highest common divisor of 32 and 256.
32
What is the highest common factor of 320 and 90?
10
Calculate the highest common divisor of 158 and 1343.
79
Calculate the greatest common factor of 94 and 799.
47
What is the greatest common factor of 5 and 115?
5
Calculate the greatest common divisor of 839 and 1.
1
Calculate the highest common divisor of 58 and 3132.
58
Calculate the greatest common divisor of 3939 and 303.
303
Calculate the highest common divisor of 367 and 78905.
367
What is the greatest common factor of 6 and 42?
6
Calculate the greatest common divisor of 8590 and 35.
5
Calculate the greatest common factor of 48 and 792.
24
What is the highest common factor of 12 and 372?
12
What is the highest common divisor of 133 and 76?
19
What is the greatest common factor of 340 and 9945?
85
What is the greatest common divisor of 245 and 315?
35
Calculate the highest common divisor of 12 and 964.
4
What is the highest common factor of 154 and 836?
22
Calculate the highest common factor of 48 and 256.
16
What is the highest common divisor of 1515 and 195?
15
What is the greatest common factor of 63 and 693?
63
Calculate the greatest common divisor of 23 and 49.
1
Calculate the greatest common factor of 80 and 470.
10
Calculate the highest common divisor of 1258 and 68.
34
Calculate the highest common divisor of 3538 and 122.
122
Calculate the highest common divisor of 32 and 48.
16
Calculate the greatest common divisor of 42 and 6.
6
What is the greatest common divisor of 11868 and 23?
23
Calculate the highest common factor of 817 and 38.
19
Calculate the highest common factor of 728 and 224.
56
Calculate the greatest common factor of 9 and 171.
9
What is the greatest common factor of 249 and 581?
83
Calculate the highest common divisor of 15989 and 59.
59
Calculate the greatest common factor of 216 and 27.
27
Calculate the greatest common divisor of 35 and 875.
35
What is the greatest common factor of 100 and 320?
20
Calculate the greatest common divisor of 36 and 333.
9
Calculate the highest common factor of 165 and 30.
15
What is the highest common factor of 49 and 63?
7
Calculate the highest common divisor of 178 and 534.
178
What is the greatest common factor of 3 and 447?
3
What is the greatest common factor of 5535 and 81?
27
Calculate the highest common divisor of 393 and 35239.
131
What is the highest common divisor of 138 and 1058?
46
Calculate the greatest common factor of 1017 and 18.
9
What is the greatest common divisor of 35526 and 62?
62
What is the highest common factor of 558 and 124?
62
What is the highest common divisor of 240 and 48?
48
What is the highest common divisor of 561 and 44?
11
Calculate the greatest common divisor of 450 and 342.
18
What is the highest common divisor of 54 and 135?
27
Calculate the highest common divisor of 10672 and 580.
116
What is the highest common divisor of 45 and 6093?
9
What is the highest common factor of 20311 and 76?
19
Calculate the highest common factor of 1197 and 4655.
133
What is the greatest common factor of 52 and 2626?
26
What is the greatest common divisor of 8441 and 69?
23
What is the highest common divisor of 437 and 57?
19
What is the greatest common divisor of 3 and 159?
3
What is the greatest common factor of 33 and 5907?
33
Calculate the greatest common factor of 313 and 2.
1
What is the greatest common divisor of 170 and 70?
10
Calculate the greatest common divisor of 972 and 6.
6
Calculate the highest common divisor of 493 and 425.
17
What is the greatest common factor of 160 and 2360?
40
What is the greatest common factor of 1038 and 96?
6
What is the greatest common factor of 14 and 1358?
14
Calculate the greatest common factor of 44 and 12.
4
What is the greatest common divisor of 1222 and 94?
94
What is the highest common divisor of 852 and 12?
12
What is the highest common divisor of 6 and 606?
6
What is the highest common divisor of 535 and 428?
107
What is the greatest common divisor of 690 and 138?
138
Calculate the highest common factor of 7552 and 1652.
236
What is the highest common factor of 396 and 1089?
99
Calculate the highest common divisor of 42 and 618.
6
What is the greatest common divisor of 15 and 2935?
5
What is the greatest common factor of 288 and 16224?
96
What is the highest common divisor of 117 and 4914?
117
Calculate the highest common factor of 222 and 592.
74
What is the greatest common factor of 245 and 70?
35
Calculate the greatest common factor of 552 and 24.
24
What is the highest common divisor of 6 and 4917?
3
Calculate the greatest common divisor of 990 and 8800.
110
Calculate the highest common divisor of 13 and 104.
13
Calculate the highest common divisor of 33 and 891.
33
Calculate the highest common factor of 66 and 231.
33
What is the highest common factor of 15 and 55?
5
Calculate the highest common factor of 67 and 1.
1
Calculate the highest common factor of 12 and 9708.
12
Calculate the greatest common factor of 48 and 132.
12
Calculate the highest common divisor of 6193 and 22.
11
Calculate the greatest common divisor of 4592 and 42.
14
Calculate the highest common factor of 150 and 10.
10
What is the greatest common divisor of 66 and 671?
11
What is the highest common divisor of 5332 and 124?
124
Calculate the highest common factor of 640 and 16.
16
Calculate the greatest common factor of 10 and 4220.
10
Calculate the highest common factor of 46 and 46.
46
Calculate the greatest common divisor of 20 and 4930.
10
Calculate the greatest common factor of 9 and 1341.
9
Calculate the greatest common factor of 147 and 5019.
21
What is the highest common factor of 213 and 284?
71
Calculate the highest common divisor of 13 and 767.
13
Calculate the greatest common factor of 84 and 3262.
14
What is the highest common factor of 89784 and 129?
129
What is the greatest common factor of 102 and 153?
51
What is the greatest common factor of 142 and 18673?
71
Calculate the highest common divisor of 24 and 129.
3
What is the greatest common factor of 3 and 48?
3
Calculate the highest common divisor of 10 and 142.
2
What is the highest common factor of 36 and 4098?
6
What is the highest common factor of 306 and 52938?
306
What is the greatest common factor of 20934 and 18?
18
What is the greatest common divisor of 240 and 48?
48
What is the greatest common divisor of 1782 and 110?
22
Calculate the greatest common factor of 3409 and 35.
7
What is the highest common divisor of 361 and 95?
19
What is the greatest common divisor of 45 and 45?
45
Calculate the greatest common factor of 1083 and 57.
57
What is the highest common factor of 352 and 128?
32
Calculate the highest common divisor of 5 and 205.
5
What is the highest common factor of 18 and 2094?
6
What is the greatest common divisor of 312 and 16?
8
What is the highest common factor of 33 and 2508?
33
What is the greatest common factor of 7238 and 154?
154
Calculate the greatest common factor of 69 and 253.
23
Calculate the greatest common divisor of 30 and 165.
15
Calculate the highest common factor of 35 and 70.
35
What is the greatest common factor of 216 and 768?
24
Calculate the greatest common factor of 40 and 1500.
20
Calculate the greatest common divisor of 136 and 748.
68
Calculate the greatest common divisor of 60 and 6060.
60
Calculate the highest common divisor of 116 and 11948.
116
Calculate the greatest common factor of 138 and 897.
69
Calculate the greatest common factor of 59 and 76582.
59
What is the highest common factor of 525 and 100?
25
Calculate the greatest common factor of 68 and 119.
17
Calculate the greatest common factor of 936 and 104.
104
Calculate the greatest common divisor of 35 and 973.
7
Calculate the highest common factor of 756 and 21.
21
What is the greatest common factor of 1591 and 185?
37
What is the greatest common divisor of 3277 and 226?
113
Calculate the greatest common factor of 130 and 117.
13
Calculate the highest common divisor of 63 and 4347.
63
What is the highest common divisor of 6 and 174?
6
Calculate the greatest common factor of 238 and 34.
34
Calculate the highest common factor of 34 and 187.
17
Calculate the greatest common factor of 176 and 484.
44
Calculate the highest common divisor of 